5*f = -3*m - 7, 2*f - 2*m = 5*f - 8. Is ((-1136)/48)/((-17)/(-9) - f) prime?
False
Suppose -49*a = -44*a - 18985. Is a prime?
True
Suppose 4*b = 4*r - 1740, 3*r - 2*b + b - 1307 = 0. Let m = r + -27. Is m prime?
True
Let z = 8729 + -12835. Is ((-6)/(-4))/((-3)/z) composite?
False
Let s be 1172/6*(-6)/(-2). Let f = 1511 - s. Suppose f = -5*t + 4430. Is t a composite number?
False
Let s(h) = -5*h + 13. Let t be s(-3). Let j = t - -655. Is j composite?
False
Let l(k) = 3*k - 4 - k**2 - 5*k - 1 + 8. Let o be l(0). Suppose 504 - 111 = o*i. Is i a composite number?
False
Is (-8 + (-413)/(-14))/((-1)/(-82)) a composite number?
True
Suppose -5*l + 1579 = h - 259, 5*l + 9100 = 5*h. Is h a composite number?
False
Let o = 31 - 26. Suppose -o*m + m - 203 = -f, 1051 = 5*f - 2*m. Is f composite?
False
Let v(r) = r**3 + 11*r**2 - r - 5. Suppose n - 2*g = 5*n + 34, -2*n + 3*g = -3. Is v(n) a composite number?
False
Let k(q) be the first derivative of -q**2/2 + 4*q - 2. Let f be k(8). Is 14/f*-54 + 2 a composite number?
False
Suppose a = u - 4*u + 15, u - 5 = 5*a. Suppose 0 = 4*h - 4*x + 24, -u*h + x - 19 = -5. Let y = 27 + h. Is y a composite number?
True
Suppose 5*r = 5*v - 1220, -v + r = 3*r - 232. Suppose 3*f - 141 = v. Is f a prime number?
True
Let h(c) = 3*c - 2 - 7*c + 843*c**3 + c. Let n be h(-1). Let y = -475 - n. Is y a prime number?
True
Suppose -35*z = 22*z - 371697. Is z a composite number?
False
Let m(j) = 5*j**3 + 4*j**2 - 3*j + 8. Suppose 0 = y + 2 - 6. Let l be m(y). Let i = -259 + l. Is i a prime number?
False
Suppose 0 = 4*y + 20, -4*u = 11*y - 6*y - 2363. Suppose 17*w = 14*w + u. Is w prime?
True
Let d(l) = -l**3 - 2*l**2 + l + 4. Let y be d(0). Let z be (-3033)/(-6) - y/8. Suppose -4*a = -5*a + z. Is a a composite number?
True
Let o(k) = -k**3 - 18*k**2 - 7*k + 63. Is o(-19) a composite number?
False
Let u = 1299 - -202. Is u prime?
False
Let z(p) be the third derivative of -p**6/120 + 3*p**5/10 - 7*p**4/12 + 17*p**3/6 + 15*p**2. Is z(12) a composite number?
True
Suppose -204 = 3*c + 9*c. Let a = c - -226. Is a a prime number?
False
Suppose 0 = 3*d - 2*k - 19405, -18235 = -5*d - 4*k + 14092. Is d composite?
True
Let h(x) = -x**2 + 8*x - 3. Let q be h(7). Suppose -12*j + 28 + 8 = 0. Suppose -q*t - t = -2*m - 1291, j*m = -2*t + 505. Is t prime?
True
Let j(y) = 532*y**2 - 31*y + 78. Is j(11) a prime number?
True
Suppose 954 = -5*a - g - 2117, 5*a + 2*g + 3067 = 0. Let x = a + 1032. Is x a prime number?
False
Let s be (-1)/3 - 10/6. Let a be (-4)/s - (-5 + 16). Is (-2099)/a + (-2)/9 a composite number?
False
Suppose -2*a - 47*d = -49*d - 108, -5*d = 5*a - 260. Is a prime?
True
Let x be (-141515)/(-44) + (-1)/4. Let t = 4887 - x. Is t a composite number?
True
Suppose g + 3*g = 4. Is g/4 + 74565/60 a prime number?
False
Suppose 21193 = 3*w + 18*i - 14*i, 0 = -3*w - 5*i + 21194. Is w prime?
False
Let b(n) be the third derivative of -n**6/120 - 2*n**5/15 - n**4/6 + 5*n**3/6 + 19*n**2. Suppose -3*x + 19 = -2*w, 3*w - 5*x + 14 + 15 = 0. Is b(w) composite?
False
Suppose 228*y - 2*d - 1778 = 226*y, -5*y = 3*d - 4429. Is y a prime number?
True
Is 7/(-84) - (-222637)/12 composite?
False
Is (66/9)/11*(-87378)/(-4) a prime number?
True
Let a = -10211 - -14654. Is a a prime number?
False
Let f = 6058 + -755. Is f a prime number?
True
Suppose 5*j + 0*j = 20. Suppose 8 = 5*o - 3*o. Suppose 0*k + 129 = 2*z + 5*k, -j*k - o = 0. Is z composite?
False
Suppose -5*i = -5, -3*f = -f + i + 11. Let h(m) = -4*m**3 - 4*m**2 - 11*m + 1. Is h(f) prime?
True
Suppose 0 = 5*o - 6*o + u + 6777, 0 = -5*o + 4*u + 33887. Is o a prime number?
True
Suppose 2*l - 3 = 7. Suppose -g = -l*g. Suppose 3*o = -g*o + 753. Is o a composite number?
False
Let b(w) = 2*w**3 + 12*w**2 - 18*w - 5. Is b(8) composite?
True
Let v be 3/3*37*1. Suppose -v = -4*n + 195. Is n a prime number?
False
Let c be (333/(-6))/((-2)/4). Let z = c + 382. Is z composite?
True
Suppose l - 14542 = 12*l. Let c = l - -1963. Is c composite?
False
Let x(y) = -y**2 + 116. Let d be 1 - 3*(-4)/(-12). Let l be x(d). Let k = 385 - l. Is k a composite number?
False
Let b(h) = h**3 - 14*h**2 - 6*h + 22. Let o be b(14). Let g = 239 - o. Is g a prime number?
False
Let u(y) = -3*y**2 + 4*y + 2. Let w be u(-2). Let s be (-74)/w - 7/63. Is 17850/40 + (-1)/s a prime number?
False
Suppose 0 = 4*i + 8, -4*d + 54932 = i - 56614. Is d a prime number?
False
Let b(l) be the third derivative of l**5/15 + l**4/3 - 5*l**3/6 + 12*l**2. Is b(-11) a composite number?
True
Let c(g) = g**3 - 42*g**2 - 117*g + 177. Is c(46) composite?
False
Let b be 5/(-10) - (-17)/2. Suppose b*q = 4*q + 892. Is q prime?
True
Is 137121*(15/((-360)/(-16)))/2 composite?
False
Suppose 3*a - 6*y - 44 = -2*y, 5*y - 2 = -a. Let g = a - 14. Is (266/3)/(g/(-3)) prime?
False
Let l be -4 + -1784 - 0/(-1). Let t be ((-5)/(-15))/((-2)/l). Suppose t + 191 = 3*y. Is y composite?
False
Let g = 172 - -86. Let a = g + 161. Is a composite?
False
Let k = -22196 - -66813. Is k prime?
True
Let v = 2937 - -56. Let f = v - -2. Is f a composite number?
True
Suppose -s - 4*y = -20, -3*y + 6 + 9 = 5*s. Suppose -c - 2*d - 43 + 738 = 0, c + 4*d - 689 = s. Is c prime?
True
Suppose -5*h + 2*u + 26 = -91, h + 4*u - 41 = 0. Suppose h*x - 30*x = -950. Is (-6)/8 - x/(-8) composite?
False
Let z = -11 - -14. Suppose 2*k = -5*h + 331, -z*k = -k - 2*h - 366. Suppose -82 - k = -4*s. Is s prime?
False
Is (-27118 - -2)*(-9)/36 composite?
False
Suppose -4 = y - 3. Let l be 3 - y/((-3)/(-1398)). Suppose 0 = 3*d - 4*d + l. Is d a composite number?
True
Let c = -21380 + 111865. Is c a composite number?
True
Suppose -3*d + 327 + 412 = -2*i, 5*i = 2*d - 511. Let c = 622 + d. Is c prime?
False
Let f(l) = l + 5. Let c be f(-7). Is (148/(-4))/(c - -1) a prime number?
True
Let q(u) be the second derivative of -u**5/20 - u**3/6 + 469*u**2 + 8*u. Let z be q(0). Let c = z + -439. Is c prime?
True
Suppose 3*z - 3*a - 205 - 8 = 0, -4*a = 2*z - 112. Suppose 3*f = 315 + z. Is f composite?
False
Suppose -2*a + 2*g + 5842 = 0, a - 1859 - 1071 = 4*g. Is a composite?
True
Suppose 0 = -4*t - 16, -k = 4*k - 5*t - 3775. Let h = k + -168. Is h composite?
True
Suppose -10*s + 78586 = -1804. Is s composite?
False
Let q be -2 + 1 + -1 - -27. Suppose 2*t + n + 10 = 0, 2*n - 8 = 6*n. Let c = q + t. Is c a prime number?
False
Suppose n = 5*n - 36. Is ((-1194)/n + -3)*-3 a composite number?
True
Suppose 0 = 3*j + 4*j - 18627. Is j prime?
False
Let n be (((-6)/8)/1)/(15/(-1860)). Suppose -4*f + 232 = 5*d - 2*f, f - n = -2*d. Is d composite?
True
Let d = 28 - 23. Suppose 633 = -2*c + d*c. Is c a prime number?
True
Let x = 44 + -14. Suppose -6*o = -0*o - x. Suppose o*z - 5*j = 760, j = 5 - 0. Is z composite?
False
Let i(d) = d**3 + 9*d**2 + 7*d - 13. Let o be i(-8). Is (26/(-5))/(1/o) composite?
True
Suppose 2*w + 2256 = g - 12705, 5*g - 74861 = -4*w. Is g a prime number?
True
Suppose -2*o + 3*l = 31, -2*o - 17 = 2*o + 3*l. Let y(i) = 3*i**2 - 8*i - 19. Is y(o) a prime number?
False
Let z = -8133 - -16315. Is z a prime number?
False
Let h = -15 - -19. Suppose 0 = -2*n - 10, -4*g + g - 8 = h*n. Suppose -86 = -x - g*u, 4*u + 0*u = x - 78. Is x prime?
False
Let q(n) be the third derivative of n**8/2240 + n**7/1680 + 7*n**6/720 - n**5/60 - 7*n**2. Let s(v) be the third derivative of q(v). Is s(-5) composite?
True
Suppose -314592 = -3*h + 3*r, 6*r = 2*h + 7*r - 209719. Is h composite?
True
Let m(x) = 7*x**3 - 6*x**3 + x + x**2 - 7 - 6*x**2 + 0*x**3. Is m(6) a composite number?
True
Let t = 382 - 211. Let b = t - -331. Is b a prime number?
False
Let s = -85373 - -145552. Is s prime?
False
Suppose -2 = -h + 3*f + 15, 5*f - 9 = -3*h. Is (4576/30)/4 + h/(-60) a composite number?
True
Let t(q) = -4*q**3 + 11*q**2 - 8*q - 1. Let p(f) = f**3 + f. Let x(s) = 3*p(s) + t(s). Suppose 32 = 3*w - 7*j + 6*j, -4*j = -4*w + 48. Is x(w) prime?
False
Let h(c) = 11*c**3 + 5*c**2 + 2*c - 11. Let w be h(6). Suppose 0 = 3*j + 5*f - 2526, 5*f + 1653 + w = 5*j. Is j prime?
False
Suppose 0 = -b + 3*b + 4, -3*b = 3*x - 13929. Is x composite?
True
Let r = 222 + -122. Suppose -5*b = -3*q - 91, 3*b - 93 = -2*b + 4*q. Suppose -t = b - r. Is t prime?
True
Let m be -1 - -2 - (-12 - -8). Suppose -3*n = 3*y - 5724, 3*n - 1679 - 4039 = -m*y. Suppose 3*u - n = 336. Is u co